9
Let a(u) = -15*u + 16. Let v(t) = -31*t + 27. Let f(p) = -5*a(p) + 3*v(p). Let b = -147 + 146. Give f(b).
19
Let q be (-1 + 14/(-7))/(-1). Let x(b) = 6*b**2 + 168*b**q - 3*b**2 + 3*b + 4 - 167*b**3. Determine x(-3).
-5
Let q(k) = -27 - 6 - 5 - k + 0*k. What is q(17)?
-55
Let d = -5893/276 - -493/23. Let r(i) be the third derivative of -1/30*i**5 + 1/24*i**6 + 0*i - 1/6*i**3 - d*i**4 + 4*i**2 + 0. What is r(-1)?
-6
Let r be 160/(-70) + (-2)/14*-2. Let q be r/3 + -2 + (-41)/(-3). Let j(l) = -30*l + 30*l - q*l**2. What is j(-1)?
-11
Let s(a) = -4*a**3 - a**2 + 1. Let o(u) = 2*u**2 + 6*u + 5. Let h be o(-3). Suppose 2*i = 4, -h*z - 4*i = -8*z - 11. What is s(z)?
4
Let y be (-4 - 0)*72/(-48). Let c(a) = -a**3 + 5*a**2 + 5*a + 9. What is c(y)?
3
Let w(n) = 6*n**2 - 18. Let k(v) = 7*v + 31. Let s be k(-5). Let j(m) = -7*m**2 - m + 21. Let p(r) = s*j(r) - 5*w(r). Determine p(5).
-24
Let i(a) be the first derivative of a**2/2 - 6*a + 2272. Let z be 15/2 - 3/(-6). What is i(z)?
2
Let a(h) = -4*h**3 - 3*h**2 + 9*h + 8. Let z(j) be the first derivative of 3*j**4/4 + j**3/3 - 9*j**2/2 - 9*j + 129. Let u(y) = 4*a(y) + 5*z(y). Give u(-6).
5
Let w(h) be the first derivative of -h**4/4 + 11*h**3/3 - 7*h**2 + 50*h - 66. Let t be w(10). Let o(b) = -3*b + 7. Calculate o(t).
-23
Let n(u) = 5*u - 4. Let z(s) = -s**3 - 18*s**2 - 23*s - 5. Let x be z(-13). Let o = 548 + x. Give n(o).
-19
Let k(m) = -7*m - 33. Let r(u) = -3*u - 12. Let z(o) = 3*k(o) - 8*r(o). Calculate z(-1).
-6
Let j(h) = -h**3 + 3*h**2 + 3*h - 2. Let y = -28 + 37. Suppose -q - i = -y, -3*q + 2*i = 1 - 3. Calculate j(q).
-6
Let h(j) be the first derivative of -7*j**2/2 + 51*j + 1003. What is h(7)?
2
Suppose -130*u + 169*u = 39. Let q(z) = 25*z**2 - 5*z - 2. Let f(x) = -50*x**2 + 9*x + 3. Let c(y) = -3*f(y) - 5*q(y). Give c(u).
24
Let n(m) = -145*m + 3 - 136*m + 280*m. Let k(q) = -2*q + 12. Let p be k(0). What is n(p)?
-9
Let m be -1 + 4 + -3 + 4. Suppose -4*s + 50 = -3*p, -s - p + 72 = m*s. Let d(y) = y**2 - 16*y + 24. Let u be d(s). Let f(i) = i**2 - i. Give f(u).
20
Let g = -34063 - -34060. Let z(b) = -4*b**3 + 3*b**2 + 2*b + 6. Determine z(g).
135
Let l(h) = -4*h - 7*h + 0*h - 6*h**3 + 2 + 2*h**2 + 9*h. Suppose 10*r - 2 = s + 8*r, r = 3*s - 4. Determine l(s).
-42
Let x be (1/3)/((-15)/(-180)). Let z(i) = -48 + 30 - 2*i + 23 + x*i. What is z(-7)?
-9
Let p(j) = 13*j + 11. Let q(b) = -5*b - 4. Let s(w) = -3*p(w) - 8*q(w). Let t = 13 + -8. Let g(x) = 4*x + 3. Let y(l) = t*s(l) - g(l). Calculate y(6).
-2
Let n(u) be the first derivative of u**3 + u**2 - 2*u - 1. Let a be 7*(20/(-100))/((-1)/5). Let j(w) = -6*w + 40. Let t be j(a). What is n(t)?
6
Let l(h) = 4*h**2 - 143*h + 25. Let j(y) = -3*y**2 + 105*y - 19. Let r(c) = -11*j(c) - 8*l(c). Give r(8).
-15
Let c(n) be the third derivative of 7/6*n**3 + 0*n - 5*n**2 + 1/6*n**4 + 0 + 1/120*n**5. Let p(t) be the first derivative of c(t). Give p(-3).
1
Suppose -4*i + 82 = -2*c - 98, -360 = 4*c + 3*i. Let m be ((-45)/c)/(2/(-36)). Let x(q) = -q**2 - 10*q - 9. Calculate x(m).
0
Let f be (-12)/28 - (-115)/7. Let h(a) = -8*a - 5 - 7*a + f*a. Suppose n - 12 = -n. Give h(n).
1
Suppose -5 = -a, 17 = -p + 4*a - 9. Let n(m) = -16*m - 195*m + 10 + 212*m. What is n(p)?
4
Let m(c) = c**2 + 89*c - 1. Let w(f) = -9*f**2 - 773*f + 10. Let t(v) = -26*m(v) - 3*w(v). Let a be 1/(6/(-5) + 1). Give t(a).
-4
Let x(c) be the first derivative of 1/4*c**4 - 20*c - 15 + 2/3*c**3 - 1/20*c**5 - 3/2*c**2. Let y(w) be the first derivative of x(w). Calculate y(4).
-3
Let t(q) be the second derivative of q**4/3 + q**3/6 + 277*q + 5. Determine t(-1).
3
Let h(o) = o**3 - 5*o**2 - o + 3. Suppose 0 = 3*x - 4*x + 110. Let v = -106 + x. Determine h(v).
-17
Let u(t) = -2*t - 3. Let d be u(-2). Let r(v) = -3*v**2 - 3*v - 5. Let o(i) = i**3 + i**2 - i - 1. Let x(k) = d*r(k) - o(k). Give x(-4).
4
Let j(i) = 232 + 34*i**2 - 5*i - 21*i**2 - 111 - 119 - 12*i**2. Let c = 1 + 5. Determine j(c).
8
Suppose -3*v = c - 57, 193 = 6*c - 2*c + 5*v. Let m = c - 38. Let t(o) = -2*o - 2. Give t(m).
-10
Let f = -8 + 5. Let w = -112 + 136. Let a(i) = 3*i + 23*i**3 - 65*i**3 + w*i**3 + 5*i**2 - 3 + 19*i**3. Determine a(f).
6
Let y(b) be the first derivative of 0*b**2 - 1/4*b**4 + 0*b**3 + 0*b + 18. Suppose -4*o + 2*o - 12 = 3*f, 0 = -o + 5*f + 20. Calculate y(o).
0
Let q(o) = -5*o - 10. Let t = -7761 + 7759. What is q(t)?
0
Let a(t) = -5*t + 84. Let f(z) = -z**3 + 4*z**2 + 47*z - 2. Let b be f(9). Give a(b).
4
Let w(l) be the first derivative of l**3/3 + l**2 - 5*l + 9604. Suppose 4*k - 2*y = -6, -5*k + 3*y = 8 - 3. Calculate w(k).
3
Let w(y) = y - 9. Suppose -3*v - u + 11 = 0, 0*v - 4*u = -2*v - 16. Suppose 2*d - 31 = -27, -v*x - d + 14 = 0. Calculate w(x).
-3
Let t(m) = 0*m + 1 - 2*m + 7*m - 7*m + 6*m**2. Let a be 15/4 + 9/36 + 0. Suppose -a*s - 3 = 5*d, -4*d + 7*s - 8*s = -2. What is t(d)?
5
Let m(d) be the first derivative of -d**7/840 - d**6/24 + 2*d**5/15 + d**4/24 - 148*d**3/3 - 73. Let c(t) be the third derivative of m(t). Give c(-16).
1
Let b(q) be the first derivative of 7*q**4/2 - 2*q**3 - 23*q**2/2 + 4*q + 78. Let c(f) = 5*f**3 - 2*f**2 - 8*f + 1. Let y(g) = 4*b(g) - 11*c(g). Give y(3).
2
Let z(f) = 5*f**2 - f - 1. Let d(x) = -19*x**2 + 40*x - 40. Let h(p) = d(p) + 4*z(p). What is h(-37)?
-7
Suppose -7*u - 7*u + 182 = 0. Let a(o) = -4*o**2 - u*o**2 - 5*o + 16*o**2 + 1. Give a(-4).
5
Let x(y) = -2*y**3 - y**2 - 20. Let z be -3*26/(-6) + (-16 - -3). What is x(z)?
-20
Let c(q) = 24*q + 306. Let y be c(-13). Let j(p) = p**2 + 14*p + 23. Determine j(y).
-25
Suppose -44 = -f + 6*b, f + 21 = -2*b + 25. Let r(t) = -t**2 + 22*t - 110. Give r(f).
2
Let i = -32842 - -32848. Let t(f) = -18*f + 97. Give t(i).
-11
Let i(l) be the second derivative of l**4/4 - 7*l**3/6 + 4*l**2 - l. Let d be i(2). Let h(n) = -6 + n**2 - 2*n**2 + 7*n + 13 - 11. What is h(d)?
2
Let z(d) = 29*d**2 - 18*d - 2. Let u(f) = -35*f**2 + 19*f + 1. Let l(t) = -5*u(t) - 6*z(t). Calculate l(-13).
7
Let n(c) = 1824*c**2 - 10*c - 5 + 5*c - 1838*c**2. What is n(-2)?
-51
Let b(a) = a**2 + 25*a + 21. Let c = -4533 - -4510. Calculate b(c).
-25
Let m(c) be the first derivative of c**2 + 24*c - 723. Give m(0).
24
Suppose 12*h = -142 - 74. Let r be ((-4)/(-6))/(h/81). Let p(f) = f**3 + 4*f**2 - f - 3. Determine p(r).
9
Let c(w) = -9*w - 128. Let u be c(-14). Let x(i) be the first derivative of i**4/4 + i**2 + i - 10. Calculate x(u).
-11
Let r(f) = 13*f - 100. Let o(i) = 13*i - 72. Let k(q) = -3*o(q) + 2*r(q). Calculate k(3).
-23
Let t = 3 - -23. Let m be -4 - (-1 + -3 - t). Let h(l) = 31*l - 90*l - 7 + 30*l + m*l + l**2. Calculate h(5).
3
Let m(n) = -11*n**3 - 3*n - 14. Let i(h) = 4*h**3 + h + 5. Let x(q) = 17*i(q) + 6*m(q). Suppose 759*g - 284*g = -184*g + 659. What is x(g)?
2
Let d(b) = b**2 + 10*b - 24. Let l = 14884 - 14893. Calculate d(l).
-33
Let p(z) be the first derivative of 10*z - 11 - 1/4*z**4 - 3*z**2 - 3*z**3. Let a(c) = -c**3 - 4*c**2 + 7*c + 2. Let s be a(-5). Calculate p(s).
-6
Let m(k) be the second derivative of k**6/120 - k**5/30 - k**4/24 + k**3/3 - 37*k**2/2 + 3*k - 8. Let s(a) be the first derivative of m(a). Determine s(2).
0
Let r(f) be the second derivative of f**4/12 + f**3/6 + 2*f**2 - f - 16. Suppose -51 - 42 = 31*o. Determine r(o).
10
Let x(u) = -22*u + 6. Let k(r) = -r**3 + 8*r**2 - 16*r + 129. Let d be k(8). Determine x(d).
-16
Let r(y) be the second derivative of y**4/8 - 2*y**3/3 + 109*y**2/2 + 116*y. Let a(g) be the first derivative of r(g). What is a(-3)?
-13
Let i(s) = -35*s**2 + 175*s**3 + 32*s**2 + 2*s - 176*s**3 + 1. Determine i(-4).
9
Let r(s) be the first derivative of -s**7/840 - s**6/360 - s**5/120 - 5*s**4/24 + 2*s**3/3 + 5*s**2/2 - 16. Let t(o) be the third derivative of r(o). Give t(0).
-5
Let v be (-5 - 1) + 12*(-8)/(-16). Let g(u) = v*u - 14*u + 5*u + 3 + 7*u. Give g(1).
1
Let r(g) = g**3 - 8*g**2 - 6*g + 17. Let w(q) = q**3 - 8*q**2 - 4*q + 18. Let f(y) = -6*r(y) + 7*w(y). Determine f(6).
0
Let p(f) be the second derivative of -f**5/20 + f**4/12 - 2*f**3/3 + f**2/2 + 752*f. Calculate p(4).
-63
Suppose -26*q - 1771 = -1407. Let o(r) = r**2 + 25*r + 21. What is o(q)?
-133
Let d(l) = l + 24. Let z(s) = -7*s**2 - 4*s + 1. Suppose -10*u - 34 = -44. Let j be z(u). Determine d(j).
14
Suppose a = k - 3, a - 4*